e y(95).
49
Let p(l) = 4*l**2 + 90*l - 398. Determine p(-30).
502
Let w(k) = 250*k**2 - 1670*k + 1014. Determine w(6).
-6
Let v(a) = -2*a**3 + 32*a**2 + 46*a - 308. Determine v(17).
-104
Let g(j) = -10*j**2 - 287*j + 4558. Give g(16).
-2594
Let d(q) = 6758836*q - 27035339. What is d(4)?
5
Let c(u) = 1884*u - 9420. Determine c(5).
0
Let v(j) = 8*j**3 - 177*j**2 + 42*j - 133. Give v(22).
307
Let x(g) = 81*g + 15396. Calculate x(-190).
6
Let p(k) = 538*k**2 + 78012*k + 270. What is p(-145)?
-20
Let l(k) = 2913*k + 32156. Calculate l(-11).
113
Let j(f) = 4*f**2 + 30355*f + 1417849. Calculate j(-47).
0
Let t(o) = -30*o**2 + 232*o + 73. Determine t(4).
521
Let f(k) = k**3 - 8*k**2 - 1627*k + 9843. What is f(6)?
9
Let j(f) = f**3 + 28*f**2 - 74258*f - 2079176. Calculate j(-28).
48
Let h(s) = 49*s**2 + 2329*s + 141. What is h(-48)?
1245
Let m(l) = 14*l**3 + 2*l**2 - 1153*l + 1152. Give m(1).
15
Let b(l) = l**3 + 19*l**2 + 122*l + 1189. Give b(-16).
5
Let q(c) = 216545*c + 866195. What is q(-4)?
15
Let q(i) = -740*i**2 - 476558*i + 1294. Calculate q(-644).
6
Let x(o) = 21*o**3 + 2507*o**2 - 2501*o + 3. Calculate x(1).
30
Let n(g) = 46756*g - 327187. Calculate n(7).
105
Let h(d) = 15*d**3 - 11*d**2 - 17*d - 16. What is h(-3)?
-469
Let j(k) = -2*k**3 - 17*k**2 - 268*k - 8125. Determine j(-16).
3
Let p(r) = 1783809*r - 49946649. Determine p(28).
3
Let l(c) = 13516*c + 270307. Calculate l(-20).
-13
Let m(o) = 2*o**3 - 7*o**2 - 34716*o + 173516. Give m(5).
11
Let y(o) = 1258*o + 236493. What is y(-188)?
-11
Let i(k) = 476*k - 23158. Calculate i(56).
3498
Let t(x) = -2*x**3 - 84*x**2 + 66*x - 849. Give t(-43).
11
Let i(z) = 11*z**3 - 1251*z**2 - 337*z - 555. Determine i(114).
15
Let t(o) = 68*o**2 - 26697*o + 16024. Determine t(392).
-48
Let x(a) = -33*a**2 + 41532*a + 102144. Give x(1261).
3
Let o(c) = 39*c - 581. What is o(18)?
121
Let x(t) = -t**3 - 31*t**2 - 56*t + 12. Calculate x(-29).
-46
Let u(w) = 2*w**3 - 4*w**2 + 6051*w - 18155. Determine u(3).
16
Let f(i) = -3*i**3 - 254*i**2 - 664*i - 648. Calculate f(-82).
8
Let r(d) = -42420*d**2 + 339356*d + 23. What is r(8)?
-9
Let b(v) = 378*v - 111290. Determine b(294).
-158
Let z(p) = 2*p**2 - 654*p + 36401. Determine z(69).
797
Let z(h) = -7729*h + 579676. Determine z(75).
1
Let g(a) = -1536*a + 13988. Calculate g(8).
1700
Let t(b) = 33*b**3 + 2056*b**2 + 620*b + 30. Calculate t(-62).
30
Let v(y) = y**3 + 133*y**2 - 555*y - 760. Determine v(-137).
199
Let j(w) = w**2 + 1239*w + 25808. Give j(-21).
230
Let n(l) = -223*l - 68591. Give n(-307).
-130
Let h(j) = -39095*j**2 + 234580*j - 55. Determine h(6).
5
Let g(f) = -5842*f - 1425424. What is g(-244)?
24
Let j(f) = -633*f + 33564. Determine j(52).
648
Let h(g) = -2322*g - 174120. Give h(-75).
30
Let f(t) = -t**2 - 274*t - 298. Calculate f(-273).
-25
Let n(b) = -16*b + 859. Calculate n(84).
-485
Let u(h) = -h**3 - 92*h**2 - 374*h + 851. Determine u(-6).
-1
Let x(s) = s**2 - 141*s - 1462. Calculate x(-9).
-112
Let p(z) = -z**3 + 67*z**2 + 468*z - 42268. Determine p(64).
-28
Let q(g) = -7513*g - 6198222. Give q(-825).
3
Let q(b) = -b**2 - 391*b + 306938. Give q(392).
2
Let v(o) = -14*o**3 + 119*o**2 - 228*o + 2611. What is v(9)?
-8
Let q(s) = 19*s**2 - 3055*s - 15196. Give q(-5).
554
Let y(n) = -2*n**3 - 693*n**2 + 250*n - 33656. Calculate y(-347).
3
Let c(k) = k**3 + 4*k**2 + 776*k + 6245. What is c(-8)?
-219
Let b(k) = 12171*k + 2178602. Determine b(-179).
-7
Let v(o) = 1830*o - 14086. Determine v(8).
554
Let f(y) = 4*y**2 + 4217*y - 33678. Calculate f(8).
314
Let s(c) = 11*c**2 - 1251*c + 32790. Give s(41).
-10
Let z(g) = 1093826*g**2 + 5469131*g + 15. Calculate z(-5).
10
Let m(h) = -1757*h - 493722. Give m(-281).
-5
Let n(b) = -20294*b - 121864. What is n(-6)?
-100
Let z(n) = -n**3 - 59*n**2 - 1083*n - 9939. Calculate z(-37).
14
Let q(t) = -t**2 + 3923*t + 31446. Calculate q(-8).
-2
Let l(b) = -6*b**2 + 2847*b - 7072. Calculate l(472).
8
Let l(j) = 4*j**2 + 588*j + 21553. Calculate l(-74).
-55
Let p(z) = 4*z**2 + 765*z - 6355. Determine p(8).
21
Let u(i) = 2*i**2 + 762*i - 134177. Calculate u(-512).
-33
Let h(n) = 37685*n + 1281294. Give h(-34).
4
Let n(c) = 215*c**2 - 4117*c + 638. What is n(19)?
30
Let v(n) = n**3 - 100*n**2 + 1612*n - 98573. Determine v(94).
-61
Let t(k) = -74195*k - 148398. What is t(-2)?
-8
Let a(g) = -g**3 + 87*g**2 - 89*g + 15805. What is a(88)?
229
Let d(l) = 17565*l + 18209. What is d(-1)?
644
Let t(h) = 1952*h - 856. Determine t(0).
-856
Let t(s) = 3*s**3 - 77*s**2 + 436*s + 103. Give t(17).
1
Let h(p) = -36*p**3 + 1048*p**2 - 134*p + 503. Calculate h(29).
-19
Let h(c) = c**2 + 16776*c + 1052930. Give h(-63).
11
Let s(v) = -10*v**3 - 52*v**2 + 69*v + 267. Give s(-5).
-128
Let y(m) = -1335*m - 9347. Give y(-7).
-2
Let t(v) = 161*v + 3102. Calculate t(-19).
43
Let q(i) = -5*i**2 - 1568*i + 37627. Calculate q(-336).
-5
Let r(m) = -3*m**3 + 3*m**2 + 196*m - 1367. What is r(6)?
-731
Let m(v) = v**3 - v**2 + 9*v + 341. Calculate m(-6).
35
Let o(q) = -18340*q - 366762. Determine o(-20).
38
Let o(i) = -3*i**3 - 15*i**2 + 240*i + 1378. Calculate o(-6).
46
Let p(q) = -7*q**2 + 18662*q + 55995. What is p(-3)?
-54
Let j(p) = -4375*p - 249411. Give j(-57).
-36
Let h(o) = -o**3 + 68*o**2 - 2123*o + 144360. Calculate h(68).
-4
Let o(g) = -13*g**2 + 84*g - 566. Give o(8).
-726
Let w(v) = -1653*v + 1470. What is w(1)?
-183
Let k(b) = -5841*b + 35064. Give k(6).
18
Let c(m) = 290955*m - 872865. Determine c(3).
0
Let p(u) = 98*u**3 - 1058*u**2 - 9*u - 1. Give p(11).
2320
Let z(d) = 17*d**2 + 1409*d + 13461. What is z(-11)?
19
Let r(b) = -43*b**2 + 1638*b - 1639. Give r(1).
-44
Let f(n) = -3*n**2 - 327*n + 228841. Give f(227).
25
Let v(o) = -o**3 + 16*o**2 + 33*o + 1405. Determine v(18).
1351
Let b(z) = z**3 - 1794*z**2 + 10730*z - 25. What is b(6)?
-13
Let m(w) = -2*w**3 - 62*w**2 + 849*w - 16. Determine m(10).
274
Let v(z) = z**3 + 5*z**2 - 61*z + 81. Give v(4).
-19
Let p(a) = 246*a + 38254. Give p(-161).
-1352
Let u(h) = -168*h - 8487. Give u(-54).
585
Let d(r) = -889*r**2 + 803*r + 74. Determine d(1).
-12
Let g(l) = -10*l**2 + 12747*l + 51011. Give g(-4).
-137
Let c(y) = -3*y**2 - 1660*y + 4992. Calculate c(3).
-15
Let c(n) = -2*n**3 - 91*n**2 - 502*n + 274. What is c(-39)?
79
Let r(h) = 31*h**2 + 1351*h - 76365. Calculate r(-76).
15
Let n(a) = 71423*a**2 - 2856922*a + 94. Give n(40).
14
Let z(o) = o**3 - 2*o**2 + 36*o - 1365. Determine z(0).
-1365
Let g(k) = 2*k**2 + 163*k + 525. What is g(-3)?
54
Let q(a) = 12*a**2 + 5662*a - 16973. Determine q(3).
121
Let i(a) = -5726*a + 309003. Calculate i(54).
-201
Let p(i) = -13*i**3 + 81*i**2 + 792*i - 4848. Determine p(6).
12
Let x(l) = l**3 + 41*l**2 - 762*l - 31370. Calculate x(-41).
-128
Let q(j) = 11*j**3 + 4696*j**2 - 431*j - 2297. Determine q(-427).
-589
Let i(n) = -n**3 - 2739*n**2 + 406071*n + 1278. Calculate i(141).
9
Let k(p) = -p**3 + 15*p**2 - 4722*p + 46715. Give k(10).
-5
Let i(c) = c**2 - 2447*c + 79483. What is i(33)?
-179
Let i(z) = z**3 - 42619*z**2 + 298284*z + 4. Give i(7).
4
Let s(f) = -262*f - 46499. Give s(-177).
-125
Let t(r) = 137*r + 1649. Calculate t(-4).
1101
Let b(x) = x**2 + 23419*x + 1075146. What is b(-46)?
-12
Let m(f) = f**3 - 18*f**2 - 12*f + 245. Determine m(18).
29
Let x(w) = -w**2 + 170*w - 2893. Calculate x(150).
107
Let f(z) = 42096*z + 126304. Calculate f(-3).
16
Let r(v) = 11740*v - 70139. Calculate r(6).
301
Let n(x) = 134*x + 14495. Give n(-108).
23
Let g(p) = -1282*p - 17314. What is g(-14)?
634
Let p(q) = 1361*q - 20397. Give p(15).
18
Let w(n) = -10*n**2 + 481*n - 2418. Determine w(6).
108
Let g(n) = n**2 + 4995*n - 155850. What is g(31)?
-44
Let q(x) = -947*x - 20923. Give q(-22).
-89
Let s(u) = -931502*u - 2794510. Determine s(-3).
-4
Let m(y) = -y**2 - 689*y - 22528. Calculate m(-36).
980
Let g(t) = 29*t**2 - 65*t + 4. Calculate g(-3).
460
Let v(t) = 555*t**2 - 5548*t + 13. What is v(10)?
33
Let s(n) = -432*n + 4430. Calculate s(7).
1406
Let l(z) = -210785*z - 5902014. What is l(-28)?
-34
Let j(i) = -6*i**3 - 18*i**2 + 117*i + 1154. What is j(-9)?
3017
Let g(j) = 2*j**3 - 45*j**2 - 6*j + 624. Give g(4).
8
Let h(c) = 54*c**2 - 1024*c - 69. Calculate h(21).
2241
Let a(c) = 15*c**2 - 52*c + 445. Give a(8).
989
Let l(t) = t**2 + 11*t - 2214. Determine l